
Let g(i) = -8*i + 6. Calculate g(-5).
46
Let s(c) = -c**2 - 19*c - 30. Determine s(-17).
4
Let p(y) = 3*y + 2. What is p(18)?
56
Let c(a) = 24*a**3 + a**2 - 2*a + 2. What is c(1)?
25
Let v(k) = -k**3 - 17*k**2 - 27*k + 198. Calculate v(-14).
-12
Let t(b) = -b**3 - 8*b**2 - 4*b - 41. Calculate t(-8).
-9
Let h(n) = -6*n**2 + 4*n - 4. Determine h(3).
-46
Let q(a) = -a**3 + 14*a**2 - 19*a + 11. What is q(13)?
-67
Let w(u) = 10*u**2 - 4*u - 5. Give w(-1).
9
Let y(b) = -2*b + 21. Calculate y(10).
1
Let r(k) = -k**3 - 15*k**2 - 12*k + 24. What is r(-14)?
-4
Let r(t) = -t**3 + 28*t**2 + 30*t - 11. Give r(29).
18
Let p(m) = -m**2 + 8*m. Give p(9).
-9
Let j(a) = 2*a - 49. What is j(22)?
-5
Let a(r) = -3*r**2 + 29*r + 31. Determine a(11).
-13
Let w(k) = k**3 - 6*k**2 + 10*k - 27. Calculate w(5).
-2
Let s(y) = 9*y + 12. What is s(-22)?
-186
Let l(y) = y**3 - y**2 - 2*y - 7. What is l(3)?
5
Let b(m) = -2*m**2 + 5*m + 5. Determine b(-2).
-13
Let v(o) = -o + 3. What is v(-9)?
12
Let r(x) = -x - 6. Determine r(-2).
-4
Let p(l) = l**3 - l**2 - 41. Determine p(0).
-41
Let u(q) = 34*q - 319. Determine u(9).
-13
Let w(k) = -9*k. Determine w(-8).
72
Let n(b) = -b - 5. What is n(0)?
-5
Let b(k) = -3*k**3 + 2*k**2 + 2*k + 1. What is b(-2)?
29
Let b(s) = -s**3 + s**2 + s + 2. Determine b(4).
-42
Let a(j) = 4*j**2 + 19*j - 37. Determine a(-6).
-7
Let i(d) = -d**2 + 7*d - 8. Calculate i(0).
-8
Let p(h) = -3*h**3 + 3*h**2 + 6*h - 3. What is p(2)?
-3
Let m(r) = 2*r - 5. Calculate m(3).
1
Let m(b) = -b**3 - 12*b**2 - 13*b + 15. Determine m(-11).
37
Let b(x) = -2*x**2 - 2*x - 18. Calculate b(6).
-102
Let f(u) = u - 17. What is f(11)?
-6
Let l(m) = 5*m - 4. What is l(7)?
31
Let u(i) = 24*i - 26. Give u(1).
-2
Let n(x) = -x**3 + 17*x**2 - 33*x + 29. What is n(15)?
-16
Let q(h) = -h**3 - 18*h**2 - 20*h - 26. What is q(-17)?
25
Let a(j) = j**2 + 9*j - 12. Calculate a(-10).
-2
Let j(a) = 3*a**2 - 4*a + 1. Determine j(1).
0
Let d(n) = 13*n**2 + 2*n - 4. What is d(1)?
11
Let h(f) = -7*f + 63. Determine h(10).
-7
Let w(r) = r**3 + 8*r**2 - 3*r - 5. Determine w(-7).
65
Let g(b) = -b**2 - 9*b - 11. Give g(-7).
3
Let n(m) = -m**2 - 8*m - 25. Calculate n(-7).
-18
Let y(z) = -z**3 + 16*z**2 - 15*z - 23. Calculate y(15).
-23
Let d(u) = -2*u**3 - 13*u**2 - 19*u + 11. Calculate d(-4).
7
Let r(k) = k**3 + 13*k**2 - 14*k - 11. Calculate r(-14).
-11
Let p(q) = 28*q + 117. Give p(-4).
5
Let w(a) = 4*a - 1. What is w(-6)?
-25
Let h(r) = -r**3 - 6*r**2 - 6*r - 4. Determine h(-5).
1
Let o(v) = 109*v + 772. What is o(-7)?
9
Let w(v) = 3*v**2 + 12*v + 8. What is w(-8)?
104
Let r(w) = -5*w + 189. What is r(35)?
14
Let t(d) = -10*d + 188. Calculate t(20).
-12
Let c(j) = -j + 4. Determine c(8).
-4
Let i(s) = s**3 + 5*s**2 + s + 9. Give i(-5).
4
Let o(x) = 7*x - 1. What is o(-5)?
-36
Let d(v) = 8*v**2 - 3*v - 8. Determine d(2).
18
Let d(r) = -5*r + 1. Calculate d(2).
-9
Let g(d) = -d**2 + 5*d + 2. Calculate g(7).
-12
Let c(q) = -2*q - 15. What is c(6)?
-27
Let z(k) = -11*k - 79. Give z(-7).
-2
Let n(v) = 4*v - 43. What is n(30)?
77
Let l(a) = a**2 + a + 7. Calculate l(0).
7
Let v(h) = -2*h - 40. Give v(-16).
-8
Let w(g) = -53*g - 201. Give w(-4).
11
Let r(n) = n**3 - n**2 - 10*n - 4. What is r(-4)?
-44
Let i(c) = -4*c + 1. Determine i(1).
-3
Let k(r) = r**3 + 7*r**2 - 4*r + 21. Calculate k(-8).
-11
Let z(j) = j**2 + 5*j + 5. Calculate z(-4).
1
Let a(g) = -g**3 + 12*g**2 - 25*g - 8. Give a(9).
10
Let g(r) = -r**2 + 33*r - 236. What is g(10)?
-6
Let k(j) = -j**2 - 159*j - 770. Give k(-5).
0
Let o(f) = -6*f + 29. Determine o(6).
-7
Let s(y) = 4*y - 13. Give s(4).
3
Let c(w) = -w**3 + 2*w**2 + 14*w. Give c(-3).
3
Let b(o) = -6*o + 91. Calculate b(19).
-23
Let u(w) = w**3 - w**2 - 6*w - 6. Give u(0).
-6
Let o(c) = -c**3 - 6*c**2 - 7*c - 8. What is o(-4)?
-12
Let p(o) = -40*o - 318. Give p(-8).
2
Let g(n) = n**2 - 6. Calculate g(0).
-6
Let x(h) = -2*h**2 + 7*h - 8. Calculate x(1).
-3
Let g(y) = -9*y + 200. Calculate g(22).
2
Let i(p) = 21*p - 8. Give i(1).
13
Let s(y) = y**3 - 5*y**2 + y - 2. What is s(5)?
3
Let n(g) = -7*g - 5. What is n(8)?
-61
Let b(a) = a**2 - 25*a + 33. Determine b(24).
9
Let q(h) = -h**3 + 28*h**2 - 29*h + 79. Give q(27).
25
Let u(s) = -3*s**3 - s**2 + 7*s + 5. Give u(-2).
11
Let p(u) = u**3 - 18*u**2 - 17*u + 31. Give p(19).
69
Let d(l) = -6*l + 11. Give d(4).
-13
Let t(q) = -2*q**2 - 6*q - 1. Determine t(3).
-37
Let h(l) = 7*l - 41. What is h(6)?
1
Let j(w) = w**2 + 9*w - 35. Give j(-16).
77
Let c(u) = -2*u**2 - 9*u + 107. Calculate c(6).
-19
Let m(p) = -2*p**3 - 34*p**2 - p - 35. Calculate m(-17).
-18
Let l(v) = -v**2 - 4*v - 7. Determine l(-3).
-4
Let f(q) = 6*q + 8. Determine f(-3).
-10
Let u(r) = 5*r**2 - 2. Determine u(1).
3
Let z(w) = 2*w + 6. Calculate z(-11).
-16
Let j(c) = 20*c**2 - 3*c - 1. Calculate j(-2).
85
Let c(n) = n**3 - 6*n**2 - 4*n - 17. Determine c(7).
4
Let q(h) = h**3 - 8*h**2 + 8*h + 9. Calculate q(8).
73
Let v(a) = a**3 - 12*a**2 - 11*a - 28. Give v(13).
-2
Let c(i) = -5*i + 9. What is c(3)?
-6
Let z(k) = -k**3 - 4*k**2 + 7*k - 6. What is z(-6)?
24
Let n(p) = -62*p**2 + p. Determine n(-1).
-63
Let s(z) = z**3 + 6*z**2 + z - 7. What is s(-5)?
13
Let q(p) = -6*p - 22. Give q(-13).
56
Let l(u) = u**2 + 26*u - 192. What is l(-32)?
0
Let f(t) = -2*t**2 - 16*t + 10. Calculate f(-9).
-8
Let b(y) = y**3 - 3*y**2 - 10*y + 27. Determine b(3).
-3
Let s(o) = -o + 29. What is s(12)?
17
Let r(k) = -k**2 + 75*k - 154. Give r(73).
-8
Let q(o) = -o**3 - 3*o**2 + o + 15. Calculate q(0).
15
Let h(v) = -v**3 + 7*v**2 + 16*v + 11. Give h(9).
-7
Let y(l) = 14*l - 26. Calculate y(4).
30
Let i(v) = 43*v - 372. Calculate i(9).
15
Let f(g) = 38*g**2 - 1. Give f(1).
37
Let k(f) = 2*f**2 - 15*f - 8. What is k(8)?
0
Let v(j) = j**3 + 7*j**2 + 8*j + 5. Determine v(-6).
-7
Let z(y) = -3*y + 23. What is z(5)?
8
Let v(b) = -b**2 + 3*b + 8. Give v(7).
-20
Let v(l) = l**2 + l - 5. Give v(-6).
25
Let t(a) = 2*a**2 - 37*a + 21. Calculate t(18).
3
Let h(i) = 5*i + 6. Determine h(-4).
-14
Let m(w) = -w**3 - 10*w**2 + 25*w + 9. Determine m(-12).
-3
Let b(j) = -5*j - 40. Calculate b(-6).
-10
Let m(i) = -2*i**3 + 7*i**2 + 5*i - 6. What is m(4)?
-2
Let h(f) = f**3 + 9*f**2 - 22*f - 1. What is h(-11)?
-1
Let l(y) = -y**2 - 5*y + 14. Determine l(-6).
8
Let w(j) = -2*j**3 + 5*j**2 - j + 11. Calculate w(4).
-41
Let t(o) = -6*o**3 - o**2 - 2*o - 3. Give t(-2).
45
Let v(b) = b**3 - 7*b**2 + 5*b - 12. Determine v(6).
-18
Let o(d) = 102*d**3 + 4*d**2 - 3*d. Give o(1).
103
Let v(l) = 25*l + 129. What is v(-7)?
-46
Let p(l) = 3*l**2 + 133*l + 52. Give p(-44).
8
Let h(w) = -3*w + 3. Give h(4).
-9
Let k(u) = 5*u + 109. What is k(-22)?
-1
Let u(a) = -10*a - 77. Give u(-6).
-17
Let d(h) = -h**3 - 14*h**2 - 16*h + 11. Determine d(-13).
50
Let m(q) = -5*q + 14. Determine m(5).
-11
Let d(l) = 8*l + 1. Give d(-6).
-47
Let o(v) = v**3 - 4*v**2 + 2*v - 1. What is o(0)?
-1
Let r(n) = -n**2 + n - 1. Determine r(5).
-21
Let r(f) = f**3 - f**2 + 2*f + 7. Determine r(0).
7
Let g(b) = 9*b. Calculate g(-5).
-45
Let o(n) = -43*n - 9. Determine o(1).
-52
Let h(x) = -2*x**3 - x + 4. Determine h(0).
4
Let m(x) = x**3 - 29*x**2 - 61*x - 39. What is m(31)?
-8
Let r(f) = f**2 - 6*f - 5. Give r(7).
2
Let w(c) = 2*c**3 + 3*c**2 - 2*c + 3. What is w(-3)?
-18
Let q(z) = z**2 - 3*z + 22. Calculate q(0).
22
Let n(i) = 16*i - 35. Give n(1).
-19
Let b(p) = -p**3 - 15*p**2 - 14*p + 10. What is b(-14)?
10
Let v(x) = 235*x - 1409. Calculate v(6).
1
Let h(r) = r - 4. Give h(7).
3
Let r(x) = -15*x**3 - 2*x**2 + 2*x. Determine r(1).
-15
Let z(v) = 5*v - 11. Calculate z(2).
-1
Let r(p) = 23*p + 329. Calculate r(-14).
7
Let r(n) = n**3 + 7*n**2 + 5*n + 7. Determine r(-6).
13
Let t(h) = 2*h**3 + 10*h**2 + 16*h + 26. Give t(-3).
14
Let d(t) = -t**2 - 63*t - 8. Give d(-63).
-8
Let f(c) = 10*c - 648. Give f(66).
12
Let m(c) = -c**2 + 2*c - 2. What is m(2)?
-2
Let j(a) = -9*a**2 - 43*a - 17. Calculate j(-4).
11
Let a(y) = y - 5. Determine a(12).
7
Let z(m) = -m**3 - 2*m**2 + 1. Calculate z(-1).
0
Let g(s) = -57*s + 6. Calculate g(1).
-51
Let i(n) = -2*n**2 + 20*n - 34. Give i(9).
-16
Let a(i) = -46*i - 1. Give a(-1).
45
Let h(m) = -m**3 - m**2 + 42. Give h(0).
42
Let x(q) = q**3 - 42*q**2 + 79*q + 30. Determine x(40).
-10
Let k(r) = -13*r**3 + r**2 